test common divisor of 94 and 94.
94
What is the greatest common divisor of 12 and 1281?
3
Calculate the highest common factor of 104 and 156.
52
Calculate the highest common factor of 22664 and 24.
8
Calculate the greatest common divisor of 174 and 87.
87
Calculate the highest common divisor of 270 and 216.
54
What is the greatest common factor of 286 and 182?
26
Calculate the greatest common divisor of 196 and 24500.
196
What is the greatest common factor of 75 and 180?
15
What is the highest common divisor of 3674 and 167?
167
What is the greatest common factor of 30 and 54?
6
Calculate the greatest common divisor of 287 and 63.
7
What is the highest common divisor of 20 and 1060?
20
Calculate the highest common factor of 38 and 2603.
19
What is the highest common divisor of 16 and 2000?
16
What is the greatest common divisor of 812 and 14?
14
What is the highest common factor of 1947 and 66?
33
Calculate the highest common factor of 252 and 364.
28
Calculate the highest common divisor of 28 and 3836.
28
What is the highest common factor of 75 and 5325?
75
What is the greatest common factor of 3 and 21?
3
Calculate the highest common factor of 24 and 1272.
24
What is the highest common divisor of 30 and 57150?
30
Calculate the highest common divisor of 105 and 840.
105
Calculate the highest common factor of 5 and 55.
5
What is the highest common factor of 17286 and 201?
201
What is the highest common divisor of 729 and 81?
81
Calculate the greatest common factor of 102 and 24.
6
Calculate the greatest common factor of 117 and 2223.
117
Calculate the highest common factor of 1089 and 36.
9
What is the greatest common divisor of 803 and 22?
11
What is the highest common factor of 426 and 186?
6
What is the greatest common divisor of 228 and 516?
12
Calculate the highest common factor of 779 and 4633.
41
Calculate the greatest common divisor of 18 and 558.
18
Calculate the highest common divisor of 59 and 59.
59
Calculate the highest common divisor of 21 and 9681.
21
What is the highest common factor of 64 and 1376?
32
What is the highest common factor of 618 and 51?
3
What is the highest common divisor of 28 and 644?
28
Calculate the greatest common divisor of 39 and 39.
39
Calculate the highest common divisor of 122 and 8906.
122
What is the highest common factor of 10 and 436?
2
Calculate the greatest common divisor of 450 and 36.
18
What is the greatest common factor of 225 and 750?
75
Calculate the greatest common divisor of 68 and 51.
17
What is the greatest common factor of 75 and 225?
75
What is the highest common factor of 28 and 63?
7
Calculate the greatest common factor of 138 and 6.
6
What is the greatest common divisor of 490 and 20?
10
What is the greatest common factor of 112 and 14?
14
What is the highest common divisor of 20 and 20380?
20
What is the greatest common factor of 45 and 5?
5
Calculate the greatest common factor of 8320 and 650.
130
Calculate the greatest common divisor of 288 and 9.
9
Calculate the greatest common factor of 424 and 8.
8
What is the greatest common factor of 7 and 9?
1
What is the highest common factor of 16 and 2832?
16
Calculate the greatest common factor of 7648 and 32.
32
What is the highest common divisor of 578 and 408?
34
What is the greatest common divisor of 63 and 315?
63
What is the greatest common divisor of 175 and 25?
25
What is the greatest common divisor of 200 and 25?
25
What is the highest common divisor of 10 and 60370?
10
What is the greatest common factor of 333 and 185?
37
What is the highest common divisor of 30 and 222?
6
Calculate the greatest common divisor of 2730 and 156.
78
What is the greatest common factor of 3894 and 12?
6
What is the greatest common factor of 2457 and 21?
21
Calculate the greatest common factor of 294 and 6.
6
Calculate the greatest common divisor of 2650 and 20.
10
Calculate the highest common factor of 8777 and 134.
67
What is the highest common factor of 323 and 95?
19
Calculate the highest common divisor of 713 and 589.
31
What is the greatest common factor of 196 and 490?
98
Calculate the greatest common factor of 15752 and 8.
8
What is the greatest common divisor of 22 and 297?
11
What is the highest common factor of 1116 and 108?
36
Calculate the greatest common factor of 335 and 20.
5
What is the highest common divisor of 242 and 286?
22
What is the highest common factor of 44 and 176?
44
Calculate the highest common divisor of 27137 and 22.
11
Calculate the greatest common factor of 375 and 15.
15
Calculate the greatest common divisor of 15 and 645.
15
Calculate the greatest common divisor of 55328 and 133.
133
Calculate the highest common divisor of 112 and 16.
16
Calculate the highest common factor of 8991 and 162.
81
Calculate the highest common factor of 36 and 66.
6
Calculate the greatest common factor of 19 and 5.
1
What is the highest common factor of 2142 and 408?
102
What is the greatest common divisor of 57 and 285?
57
What is the highest common divisor of 204 and 51?
51
What is the highest common divisor of 4812 and 132?
12
Calculate the greatest common factor of 47 and 1175.
47
What is the highest common factor of 13424 and 8?
8
Calculate the greatest common divisor of 81 and 5427.
81
What is the highest common factor of 18 and 7083?
9
What is the highest common factor of 52 and 481?
13
What is the greatest common divisor of 22 and 4334?
22
What is the highest common factor of 11 and 2827?
11
What is the highest common divisor of 92 and 12?
4
Calculate the highest common divisor of 112 and 420.
28
What is the greatest common divisor of 35 and 1785?
35
Calculate the highest common divisor of 16 and 1180.
4
Calculate the highest common factor of 2877 and 168.
21
What is the highest common factor of 17 and 5457?
17
What is the greatest common divisor of 10 and 65?
5
What is the greatest common factor of 380 and 475?
95
What is the greatest common divisor of 152 and 968?
8
What is the highest common divisor of 2242 and 590?
118
Calculate the greatest common factor of 48 and 132.
12
What is the highest common factor of 20 and 90?
10
What is the greatest common divisor of 2303 and 94?
47
What is the greatest common factor of 1 and 2086?
1
Calculate the greatest common factor of 53 and 16483.
53
Calculate the highest common factor of 47 and 799.
47
What is the greatest common factor of 56 and 84?
28
Calculate the highest common divisor of 246 and 902.
82
Calculate the greatest common factor of 16 and 408.
8
Calculate the highest common divisor of 148 and 703.
37
What is the greatest common divisor of 12 and 500?
4
Calculate the highest common factor of 7 and 28.
7
What is the highest common divisor of 143 and 1012?
11
Calculate the highest common factor of 172 and 129.
43
What is the highest common divisor of 76 and 646?
38
What is the greatest common divisor of 156 and 1482?
78
What is the greatest common factor of 396 and 1557?
9
What is the greatest common divisor of 180 and 640?
20
Calculate the greatest common factor of 108 and 90.
18
Calculate the highest common divisor of 384 and 7168.
128
What is the greatest common factor of 328 and 22?
2
Calculate the greatest common factor of 26 and 7072.
26
What is the highest common factor of 7356 and 3?
3
Calculate the greatest common divisor of 68 and 12648.
68
What is the highest common factor of 74 and 4292?
74
What is the highest common divisor of 313 and 82319?
313
What is the greatest common divisor of 10788 and 31?
31
Calculate the highest common factor of 320 and 29840.
80
Calculate the highest common factor of 77 and 1309.
77
What is the greatest common divisor of 3948 and 141?
141
What is the highest common divisor of 4023 and 2533?
149
What is the greatest common divisor of 5427 and 2025?
81
What is the greatest common divisor of 4209 and 207?
69
Calculate the greatest common factor of 221 and 34.
17
What is the greatest common factor of 57 and 6?
3
What is the greatest common factor of 888 and 1032?
24
Calculate the greatest common factor of 506 and 1380.
46
Calculate the highest common divisor of 112 and 32.
16
Calculate the highest common factor of 166 and 913.
83
What is the highest common factor of 280 and 16?
8
Calculate the highest common divisor of 3745 and 105.
35